). Is ((-28077)/63)/(2/r) prime?
False
Let h = 44 - 39. Is (3/(-6))/(h/(-17170)) prime?
False
Let o = -23749 + 12223. Let p = -5795 - o. Is p a prime number?
False
Let v(k) = 5*k**2 + 3*k - 6. Let b be v(2). Let m be ((-4)/14)/(b/(-7) - -3). Is (12/60)/(0 + m/(-190)) a prime number?
True
Let x(s) = s**2 + 11*s + 31. Let d be x(-7). Suppose -d*p - p = 5*l - 65, 5*l + 55 = 2*p. Suppose -p*j = -14*j - 4458. Is j a prime number?
True
Let b(n) = -3*n**3 - 2*n**2 + 2*n + 8. Let y be b(-2). Let g be (-4 + -1)*(-20848)/y. Suppose -3*h - 6 = 0, -2*z - g = -4*z - 3*h. Is z prime?
True
Is (-2*(-4)/(-4) + -333)*(-9183)/15 prime?
False
Suppose -3*z + 33*g = 36*g - 50421, 3*g = 4*z - 67256. Is z a prime number?
True
Let p be 13/26 + 781844/8. Suppose -p = -4*j - 5*m, -m = -6*j + 9*j - 73312. Is j prime?
True
Is (-2)/10 - ((-48)/(-10))/(-4) - -4132 a prime number?
True
Let i be 0 + (1 - 3) + 4 + -6. Let z(n) = n**2 + 4*n + 4. Let o be z(i). Suppose -5*a = 4*q - 1923, 0*q = a - o*q - 375. Is a prime?
True
Is 132/36*3 + 1832 composite?
True
Suppose -3*g = -9, 11*s - 2*g = 6*s + 9. Suppose 4*o = 5*q - 0*o + 25, 25 = -5*q - s*o. Let r(b) = 3*b**2 + 3*b + 9. Is r(q) composite?
True
Let v = 72746 + -20875. Is v a composite number?
False
Suppose -107 = -13*n - 3. Is (2 - 7772/(-5))*20/n prime?
False
Suppose -2*o = 4*x - 10, 2*o + 8 - 2 = 4*x. Suppose 4*k - 5*f = -39, 4*k + 33 = f + x*f. Is 771/2*(-4)/k a composite number?
False
Let g be 20 + (-12)/(-7 + 4). Suppose -2*b - g = -8*b. Suppose -3*i + 877 = 2*y, 0 = b*i + 4*y - 551 - 617. Is i a prime number?
True
Let b be 2258/(-4*8/16). Let s = b - -4500. Is s a composite number?
False
Suppose -2*v + 4 = -4. Suppose -5*o + 6*o - v = 0. Suppose -4*g + 1578 = 2*i, 0 = o*g + g - 3*i - 1978. Is g a composite number?
True
Let q = -206998 - -389463. Is q composite?
True
Let i be (-4)/14 + 138570/434. Let q = -5 - -10. Suppose -a - h = -i, -q*h = -2*a - 8*h + 640. Is a composite?
False
Let h = -8621 + 12871. Let w = 9295 - h. Is w a prime number?
False
Let q = -98 - -100. Is q - -1 - -933 - (-3)/1 prime?
False
Let r be 5 + 0/(-2) + -5. Is (0 + r - (-395)/15)*3 composite?
False
Suppose -30*b = -22 - 38. Suppose -3*v - b*n + 3111 = 0, 4*v - 3*v - 1037 = -3*n. Is v composite?
True
Let o(s) be the second derivative of -3*s**5/20 + s**4/6 - s**3/6 - 12*s. Let x be o(2). Is 6/x*-89*3*17 prime?
False
Let v = 5073 + 9038. Is v a composite number?
True
Is (((-544371)/9)/((-146)/12 - -12))/2 composite?
False
Suppose 0 = 313*m - 312*m + 507. Let w = 1775 + -771. Let s = w + m. Is s composite?
True
Suppose 0 = -x + 2*j + 518543, -2*j - 2074190 = -8*x + 4*x. Is x a composite number?
True
Let h = -87863 - -124402. Is h a prime number?
False
Suppose -14*b + 13*b + 3*i = -18233, 4*i - 24 = 0. Is b prime?
True
Is (45/(-12))/(135/(-36216828)) a composite number?
True
Suppose -3*j = d + d + 28933, -5*d = 3*j + 28948. Let s = j - -18744. Is s a composite number?
False
Let x(j) = -j**3 - 866. Let v be x(0). Let k = v - -491. Let h = 1836 + k. Is h composite?
True
Let h = 8479 + 1689. Suppose 2*b - 6*b + 13558 = 2*m, m = -3*b + h. Is b composite?
False
Let v(j) = 0*j**2 - 63*j**3 - 16*j**2 - 1 + 20*j + 64*j**3. Let k be 6/5*160/12. Is v(k) a prime number?
False
Let p(a) = a**3 + 24*a**2 - 27*a - 16. Let c(k) = -k**3 - 24*k**2 + 26*k + 17. Let l(h) = 3*c(h) + 4*p(h). Is l(-24) prime?
False
Let f(u) = -34*u**2 + u + 3. Let s be f(3). Suppose 44*w + 4 = 40*w. Let n = w - s. Is n a prime number?
False
Let h(u) be the second derivative of -47*u**5/20 + u**4/4 - u**3/2 - 6*u**2 - 122*u. Let o be (12/(-15))/((-8)/(-20)). Is h(o) a composite number?
True
Let c = 4873 + 1560. Is c a composite number?
True
Let c(p) = 1692*p**2 + 8*p - 1. Let h(w) = 5076*w**2 + 22*w - 3. Let t(x) = -8*c(x) + 3*h(x). Is t(1) prime?
True
Let u(x) = -3*x**3 - 41*x**2 + 24*x - 37. Is u(-24) a prime number?
False
Let a(r) = -2*r + 24. Let w be a(-18). Let u = -30 - -47. Let b = w + u. Is b composite?
True
Suppose -9*d + 10*d = -6, 150689 = k + 4*d. Is k a composite number?
True
Suppose -13842 = g + 29196. Suppose o + 0 = -q + 11, -5*q = -o - 19. Is (2/o)/((-18)/g) prime?
True
Let y(a) = -a**3 + 20*a + 1. Let v be y(9). Let r be v/(32/14 - 2) - -2. Let p = r + 3439. Is p composite?
False
Suppose 2*z - 40644 = -2*y - 7324, 7*y + 49960 = 3*z. Is z composite?
True
Let l be (1 + -3)*(9 + 45485/(-22)). Suppose -l + 103887 = 10*c. Is c prime?
False
Suppose 122*d - 918950 = 3328968. Is d a composite number?
False
Let a = -1679 - 955. Let q = 9697 + a. Is q composite?
True
Let a = 11 + -156. Let p = -96 - a. Suppose p = 5*t - 6. Is t a prime number?
True
Suppose 0 = -9*v + 6*v. Is (8526/(-7))/(-3) - (-1 + v) a prime number?
False
Let g be 0 + 11815 + 189/21. Suppose -h - g = -17*h. Is h composite?
False
Suppose 32*y = 92*y + 86*y - 150699886. Is y prime?
True
Let q(o) = -4022*o**3 + 49*o**2 + 174*o - 7. Is q(-4) a composite number?
False
Let d = -315118 + 1184487. Is d prime?
True
Let g = -65 + 108. Is -41 + g - (-5152 - 1) composite?
True
Let u = 25037 - 15748. Let g be 2/7 + (-33)/(-7). Suppose -2376 = -g*c + u. Is c composite?
False
Let z(k) = 2*k - 13. Let b be z(4). Is ((-18)/8 - b)*6268 composite?
True
Let m(d) = d + 5. Let c be m(4). Suppose 0 = 4*n - 5*x - 22, x = -n + 4*x + c. Is n*-43*6/(-18) prime?
True
Let o(f) be the third derivative of f**6/120 - f**5/60 + f**4/4 - f**3/2 - 2*f**2. Suppose -811 = -3*n - 796. Is o(n) composite?
False
Suppose 4*z - 8358 = -2*d + 93144, 3*z = 15. Is d composite?
False
Is (2 - 1) + 6 - (-28130 - -10) composite?
True
Let l be ((-1)/(-3))/(((-2)/(-52686))/1). Suppose 3*t + h = l, 5*h - 9068 - 2651 = -4*t. Let a = t + -1671. Is a prime?
False
Suppose -8 = 4*n - 4*b, -4*b + 54 - 22 = 4*n. Suppose 0*w = -5*w + 2*s + 3515, -n*w + 3*s = -2118. Is w a prime number?
True
Let w = 10868 + 24201. Is w prime?
True
Suppose 39*j - 41*j - 54 = 0. Let i = j + 29. Suppose -i*a - 4901 = -3*p, 4*a + 0*a = -p + 1657. Is p a composite number?
False
Let a(m) = 96295*m**3 - 5*m**2 + 10*m - 7. Is a(2) a composite number?
False
Suppose 9 = 3*r, -4*f + 18 = -9*f - 4*r. Is (5498/f)/(70/15 - 5) prime?
True
Let o be 48 - (-1)/1*(0 - 1). Suppose o*s - 42*s + 2*g - 18533 = 0, 2*g + 11123 = 3*s. Is s a composite number?
True
Let r(w) = 680*w**2 + 9*w + 12. Let j be r(-2). Let y = j - -6485. Is y a prime number?
True
Let m = -73700 - -312541. Is m a composite number?
False
Suppose b = 3*i + 2898, 46*b + 5*i = 51*b - 14500. Is b a prime number?
False
Suppose -2*m + 5 + 15 = -3*b, 0 = -4*b - 16. Let k(x) = 6*x - 20. Let i be k(m). Suppose -2193 - 499 = -i*d. Is d prime?
True
Suppose -z - 4*z - 3*u + 911783 = 0, -z - 5*u = -182383. Is z composite?
False
Suppose 0 = 14*p - 1122 - 250. Let l = p + 203. Is l prime?
False
Is ((-30)/100*456254)/(12/(-20)) composite?
False
Suppose 4*t + 134 = -2*r, -5*r = t - 6*t + 275. Is -2*(-4)/(-8)*r*2 composite?
True
Suppose 3*s = -5*w + 158, 3*s - 5*w + 107 = 5*s. Let p = s + -37. Is (p + -13)*3086/2 a composite number?
False
Let b be (-5)/(-50)*10 + (1 - 0). Suppose 0 = -4*t - 16, 4*d = -b*t - 10798 + 195634. Is d prime?
False
Is 3 + 1 + 2 - (95271*-3 + -4) prime?
True
Suppose -1268072 = -3*v + 5*m, 2*m = v + 59588 - 482279. Is v prime?
True
Suppose 8*j - 20807 = 449. Is j a prime number?
True
Suppose 5*r = -2*z + 5*z + 1, -5*z = -r + 9. Is ((-67)/z)/((-4)/(-248)) prime?
False
Suppose 16685858 = 1942*t - 1928*t. Is t a composite number?
False
Suppose -7*t + 11*t + 4*y = -300, 2*y + 71 = -t. Let c = t - -73. Let s(z) = -2*z**3 + 2*z**2 - 4*z + 5. Is s(c) a prime number?
False
Let j = -542 - -4795. Is j prime?
True
Let l = 0 - 4. Let m be (0/l)/(-4) - 742. Let s = 165 - m. Is s composite?
False
Let u(k) = 23*k + 19*k**2 + 4 + 17*k + 6 + 3 + 18. Is u(18) composite?
False
Let w be (-15)/(-5) + 6/3. Suppose 0 = w*z + 3*q - 19, 4*z - 1 = 5*q + 29. Is 322/z - 21/(-35) a prime number?
False
Let c = 276014 - 170071. Is c prime?
True
Let n = -225 + 229. Suppose 0 = 3*r - j - 16668, n*r - 10226 = j + 11999. Is r a composite number?
False
Is ((1 - -1)/(-2))/((-112)/14052752) a composite number?
False
Suppose -11 = -9*g + 8*g. Suppose 8*o + 1668 = g*o. Let n = 1467 - o. Is n a prime number?
True
Let t = -410298 - -608245. Is t prime?
True
Let r = 113489 